and c.
6
Let l be -1 - 15/(-13) - 1810/(-65). Let m = 39 - l. What is the highest common divisor of m and 121?
11
Suppose 0 = -3*q + 15, r + 5*q + 0 = 135. Let o(i) = 8*i**2 + 2*i - 1. Let s be o(-2). Let y = 49 - s. Calculate the greatest common divisor of y and r.
22
Suppose 4*f - 65 = 51. Suppose -v - 2*b + f = 0, 0 = v - 5*b - 58 - 6. Let i = v - 19. What is the greatest common factor of i and 2?
2
Let l(w) = -2*w**2 + 21*w + 22. Let m be l(11). Suppose m*p - 28 = 60. What is the greatest common divisor of 136 and p?
8
Suppose 32*r - 29*r = -4*l + 963, 5*l = -2*r + 1209. What is the greatest common divisor of 81 and l?
81
Suppose 0 = 2*l + p + 3*p - 250, 2*l - 278 = 3*p. Suppose 4*y - 59 = l. What is the greatest common divisor of 36 and y?
12
Let x be ((-4)/14)/((-5)/35). Suppose -6*z + x*z - 4*d = 52, -5*z - 25 = -5*d. Let o = z + 15. Calculate the highest common factor of o and 18.
6
Let s(o) = o + 21. Let l be s(-9). What is the greatest common divisor of l and 108?
12
Let b = 919 - 915. Calculate the highest common divisor of b and 19.
1
Let o be (48/28)/(1/(7 - 0)). Suppose -3*t = -5*t + o. Calculate the highest common divisor of 2 and t.
2
Suppose 8*n - 489 - 1071 = 0. What is the highest common divisor of 65 and n?
65
Let n = 52 + 221. Let v = n - 138. Calculate the greatest common factor of 15 and v.
15
Suppose -2*h + 672 = 22*h. What is the highest common factor of 14 and h?
14
Suppose 30*r - 33*r + 585 = 0. Calculate the highest common factor of 117 and r.
39
Suppose -1492 = -11*j - 777. What is the highest common divisor of j and 143?
13
Let p = 3 - -24. Let q = p + -17. Calculate the greatest common factor of 40 and q.
10
Let c be 81 - -2 - ((-232)/638 + (-37)/(-11)). Let f = 14 + -37. Let z = f - -33. What is the greatest common factor of z and c?
10
Let v(k) = k**2 + 9*k**3 + k - 8*k**3 + 6*k**2 - 2*k**2. Let m be v(-4). Let s be -3*(-2 + (-56)/m). Calculate the greatest common factor of 40 and s.
20
Let r be (((-48)/10)/4)/((-15)/200). Calculate the highest common factor of r and 6.
2
Let d be (-4465)/(-55) - 2/11. Let z(v) = -v**2 - 11*v + 44. Let q be z(-10). Calculate the greatest common factor of q and d.
27
Let g = 45 + -12. Suppose -2*f - 5*h + 2 = 16, h + 4 = 0. What is the greatest common factor of f and g?
3
Suppose -4*g + 803 = -u, 239 = 2*g - u - 162. Suppose 3*r + g = o + o, -5 = 5*r. Calculate the greatest common factor of 9 and o.
9
Let y be 22/2*(-4)/(-2). Let g = 81 + -49. Let f be g + -3 - 0 - -4. Calculate the highest common divisor of y and f.
11
Let v(l) = -2*l**3 - l**2. Let r be v(-3). Let p = -12 - -36. Let a be ((-60)/p)/((-2)/12). Calculate the greatest common factor of r and a.
15
Let s(f) = f**2 - 4*f. Let w be s(4). Suppose 6*t - 5 - 7 = w. Calculate the greatest common divisor of 10 and t.
2
Suppose 0 = 7*k + 7 - 42. Suppose k*s + 3*t = 146, -t - 58 = -2*s - 2*t. Calculate the greatest common factor of s and 112.
28
Let t(n) = 8*n - 22. Suppose -26 = -3*r - 2*d - 2*d, 34 = 3*r + 2*d. Let y be t(r). What is the highest common divisor of 30 and y?
30
Suppose 15 = 5*n - 2*l, 10 = 4*n + l - 2. Suppose n*c - 3 + 2 = 5*x, 0 = 3*x - 12. Let z = c + 1. Calculate the greatest common divisor of 32 and z.
8
Let o = -696 - -800. Calculate the highest common factor of o and 64.
8
Let o be 3*29 + (-12 - -8). Let k = o - 8. Calculate the highest common divisor of 15 and k.
15
Suppose 4*r + 31 - 91 = 0. Let q be -4 + (-2)/(6/r). Let i(p) = -14*p + 4. Let h be i(q). Calculate the highest common factor of h and 13.
13
Let u = 185 + -181. What is the greatest common divisor of u and 36?
4
Suppose -2*l - 3*v = -7*l + 50, -2*v = 0. Let i be (-3)/(-6)*(5 + 25). What is the highest common factor of l and i?
5
Suppose k = 3*l + 15, 3*l = -3*k - 0 + 9. Suppose -3*x + k*x = 3*p, 5*p + x = 24. What is the highest common factor of 8 and p?
4
Let f(d) = -d**3 + 10*d**2 - 6. Let q be f(10). Let v(o) = -o + 1. Let h be v(q). Let s = -278 + 285. Calculate the highest common divisor of s and h.
7
Suppose -6*k + 1524 = 324. What is the highest common factor of 25 and k?
25
Let t(m) be the third derivative of m**4/24 - m**3/3 - 6*m**2. Let f be t(2). Suppose 32 = -f*n + 4*n. What is the highest common divisor of 56 and n?
8
Let i = 5042 + -5028. Suppose -5*s + 2*s + 15 = 0. Let n be (2 - 3) + s*3. What is the greatest common factor of i and n?
14
Let k be (-3)/18 - 1335/(-18). Let d be -1 + k*(-2 + 1). Let t = d + 120. What is the greatest common factor of t and 15?
15
Let c be 97/(-3) + (-2)/3. Let w = 190 - 238. Let u = c - w. What is the greatest common divisor of u and 6?
3
Suppose -52*l + 72 = -46*l. Calculate the highest common divisor of l and 588.
12
Suppose 0 = 4*o + 8, -3*o + 32 = -14*a + 15*a. Let u(g) = 2*g**2 - g + 2. Let y be u(-5). What is the highest common factor of a and y?
19
Suppose -2*m + 177 = -2*n - 3*n, 0 = 3*m + n - 257. What is the greatest common factor of 1161 and m?
43
Let k(o) = 2*o + 1. Let q(g) = 7*g + 16. Let b(i) = -3*k(i) - q(i). Let n be b(-5). Calculate the greatest common divisor of 23 and n.
23
Suppose -4*n - 20 = -3*h, -4*h - 2*n = -7*n - 26. Suppose -3*j + 73 = -3*o + 13, -h*o + 40 = 4*j. Calculate the greatest common factor of 165 and j.
15
Let v = -21 - -48. Let g = 126 - v. Suppose 2*x = 3*x - 11. Calculate the greatest common factor of x and g.
11
Let q = -147 + 213. Suppose 0 = -16*r + 19*r - q. What is the highest common divisor of r and 11?
11
Let v be (-16)/4*5/(-10). Suppose -v*u = 2*l - 64, -5*l = u - 6 - 34. What is the highest common factor of 5 and u?
5
Suppose 3*i + 0*o = o + 86, -i - 3*o + 12 = 0. Suppose 87 = 3*j - 69. Suppose -y - m + 32 = 2*y, 5*m = -3*y + j. What is the greatest common divisor of y and i?
9
Suppose -3*y - 9 = 0, -y = -4*r + 2*r + 69. Let v be 4/42 - 3463/(-21). What is the greatest common divisor of v and r?
33
Suppose t - 363 = 2*l, 0 = -5*t - 3*l + 6*l + 1794. Calculate the highest common factor of 34 and t.
17
Let s be ((15/4)/(-3))/(1/(-4)). Suppose -s*b = c - 0*b - 70, -4*c - b + 318 = 0. What is the highest common divisor of 10 and c?
10
Suppose -2*g + 381 = -5*i + 134, -107 = -g - 3*i. What is the greatest common divisor of g and 145?
29
Suppose 5*u - 51 + 10 = -4*h, -2*u = 2*h - 18. Let t be (-2)/(-15) + 84/45. Calculate the greatest common divisor of t and h.
2
Let b(z) = z**2 - 2*z - 18. Let j be b(-4). Calculate the greatest common divisor of j and 10.
2
Let r be 336/15 + (-2)/5. Let a = 85 + 3. Suppose o + 3*o - a = 0. Calculate the greatest common divisor of o and r.
22
Let o(t) = t**3 + 31*t**2 - 62*t + 168. Let m be o(-33). Suppose -3*f - 5*n = -5*f + 23, 2*f + 5*n - 73 = 0. Calculate the highest common factor of f and m.
12
Suppose -5*d = -2*r - 132, 5*d = 3*d + 3*r + 55. Calculate the highest common divisor of d and 455.
13
Suppose -4*f + 302 = -2*q, f - 9*q - 74 = -8*q. What is the highest common factor of 165 and f?
11
Let i be 103 - (-3 - (12 + -20)). Calculate the highest common factor of i and 784.
98
Let x = -47 + 80. Suppose 12 + 65 = 7*t. What is the highest common divisor of t and x?
11
Let l be (30/(-50))/(8/(-760)). Calculate the highest common divisor of l and 9.
3
Suppose -27 = -5*h - 2*o, -3*o = h - 2*o - 6. Let v(c) = h*c + c**2 + 2 - 3 + 2. Let q be v(-7). Calculate the greatest common factor of q and 45.
15
Let v be -3*((-3)/(-6))/((-18)/300). Calculate the highest common factor of v and 475.
25
Let w(b) = -2*b**3 + 11*b**2 + 6*b + 3. Let h be w(6). Let q be ((-8)/2)/(-4)*h. What is the highest common divisor of 21 and q?
3
Let i = -39 + 40. Suppose -3*d + r = -0*r - i, 0 = -d + r - 1. Let h = -3 + 7. What is the highest common factor of h and d?
1
Suppose -4*n - 4*v + 508 = 0, -4*v + 386 = 2*n + n. What is the greatest common divisor of 1281 and n?
61
Let h(p) = 27*p + 112. Let j be h(-4). Suppose 2*l - 37 = 5*m - 6, 34 = 2*l - 4*m. Suppose l = 3*x - 61. Calculate the highest common factor of j and x.
4
Suppose 0 = -2*i - p + 70 - 15, 5*i + p - 145 = 0. What is the greatest common divisor of i and 510?
30
Suppose 5512 = -30*l + 32*l. Calculate the highest common divisor of 13 and l.
13
Let l(f) = -3*f**2 - 3*f - 2. Let m be l(3). Let a = m - -54. Let h = a + -9. What is the highest common factor of 14 and h?
7
Supp